{"id":415,"date":"2021-12-07T02:07:17","date_gmt":"2021-12-07T01:07:17","guid":{"rendered":"http:\/\/tdj.digitaledeluxe.fr\/?post_type=discipline&#038;p=415"},"modified":"2022-05-08T22:27:27","modified_gmt":"2022-05-08T20:27:27","slug":"judo-paralympique","status":"publish","type":"discipline","link":"https:\/\/terredechampions.besancon.fr\/es\/discipline\/judo-paralympique\/","title":{"rendered":"Judo paral\u00edmpico"},"content":{"rendered":"<p>Todos los tatamis del dojo cumplen con las normas de la FIJ, de esta forma se puede garantizar que los\/las judocas podr\u00e1n entrenar sobre una superficie id\u00e9ntica a la que se encontrar\u00e1n en los juegos paral\u00edmpicos. El centro tambi\u00e9n cuenta con una tribuna de 572 plazas.<\/p>\n\n\n\n<p class=\" translation-block\">Estas infraestructuras se completan con una zona de musculaci\u00f3n equipada con todos los aparatos indispensables para la preparaci\u00f3n f\u00edsica, cuidados y recuperaci\u00f3n, as\u00ed como con 6 vestuarios con duchas. Todo el equipamiento es modular en funci\u00f3n de las necesidades y accesible a los\/las deportistas con diversidad funcional.<\/p>\n\n\n\n<p>Las instalaciones deportivas se encuentran en el coraz\u00f3n del barrio de Temis, centro econ\u00f3mico y universitario que ofrece un entorno tranquilo propicio para la pr\u00e1ctica deportiva. Est\u00e1 cerca del centro de la ciudad, al que puede acceder en autob\u00fas y coche. Dispone de un aparcamiento gratuito y con vigilancia.<\/p>\n\n\n\n<p class=\" translation-block\">El desarrollo de disciplinas deportivas adaptadas es un eje importante en Besan\u00e7on, ciudad que acoge desde 2008 un evento \u00fanico en Francia: el Raid Handi-Forts. Este proyecto se ha llevado a cabo gracias al trabajo de desarrollo de las secciones de deportes adaptados en los clubes y la accesibilidad a los equipamientos deportivos. Gracias a todas estas acciones, en 2016 Besan\u00e7on fue nombrada Ciudad del deporte adaptado.<\/p>","protected":false},"featured_media":3503,"parent":0,"template":"","taxonomy-discipline":[49],"class_list":["post-415","discipline","type-discipline","status-publish","has-post-thumbnail","hentry","taxonomy-discipline-judo-paralympique"],"_links":{"self":[{"href":"https:\/\/terredechampions.besancon.fr\/es\/wp-json\/wp\/v2\/discipline\/415","targetHints":{"allow":["GET"]}}],"collection":[{"href":"https:\/\/terredechampions.besancon.fr\/es\/wp-json\/wp\/v2\/discipline"}],"about":[{"href":"https:\/\/terredechampions.besancon.fr\/es\/wp-json\/wp\/v2\/types\/discipline"}],"version-history":[{"count":1,"href":"https:\/\/terredechampions.besancon.fr\/es\/wp-json\/wp\/v2\/discipline\/415\/revisions"}],"predecessor-version":[{"id":6667,"href":"https:\/\/terredechampions.besancon.fr\/es\/wp-json\/wp\/v2\/discipline\/415\/revisions\/6667"}],"wp:featuredmedia":[{"embeddable":true,"href":"https:\/\/terredechampions.besancon.fr\/es\/wp-json\/wp\/v2\/media\/3503"}],"wp:attachment":[{"href":"https:\/\/terredechampions.besancon.fr\/es\/wp-json\/wp\/v2\/media?parent=415"}],"wp:term":[{"taxonomy":"taxonomy-discipline","embeddable":true,"href":"https:\/\/terredechampions.besancon.fr\/es\/wp-json\/wp\/v2\/taxonomy-discipline?post=415"}],"curies":[{"name":"wp","href":"https:\/\/api.w.org\/{rel}","templated":true}]}}

Judo paralímpico

<p>Todos los tatamis del dojo cumplen con las normas de la FIJ, de esta forma se puede garantizar que los/las judocas podrán entrenar sobre una superficie idéntica a la que se encontrarán en los juegos paralímpicos. El centro también cuenta con una tribuna de 572 plazas.</p>



<p class=" translation-block">Estas infraestructuras se completan con una zona de musculación equipada con todos los aparatos indispensables para la preparación física, cuidados y recuperación, así como con 6 vestuarios con duchas. Todo el equipamiento es modular en función de las necesidades y accesible a los/las deportistas con diversidad funcional.</p>



<p>Las instalaciones deportivas se encuentran en el corazón del barrio de Temis, centro económico y universitario que ofrece un entorno tranquilo propicio para la práctica deportiva. Está cerca del centro de la ciudad, al que puede acceder en autobús y coche. Dispone de un aparcamiento gratuito y con vigilancia.</p>



<p class=" translation-block">El desarrollo de disciplinas deportivas adaptadas es un eje importante en Besançon, ciudad que acoge desde 2008 un evento único en Francia: el Raid Handi-Forts. Este proyecto se ha llevado a cabo gracias al trabajo de desarrollo de las secciones de deportes adaptados en los clubes y la accesibilidad a los equipamientos deportivos. Gracias a todas estas acciones, en 2016 Besançon fue nombrada Ciudad del deporte adaptado.</p>
